{"id":963,"date":"2018-12-21T14:54:13","date_gmt":"2018-12-21T13:54:13","guid":{"rendered":"http:\/\/bmone.cz\/?page_id=963"},"modified":"2025-02-26T10:44:36","modified_gmt":"2025-02-26T09:44:36","slug":"vop","status":"publish","type":"page","link":"https:\/\/demo.bmone.cz\/index.php\/vop\/","title":{"rendered":"VOP"},"content":{"rendered":"<p>[et_pb_section fb_built=&#8220;1&#8243; fullwidth=&#8220;on&#8220; admin_label=&#8220;Sekce&#8220;][et_pb_fullwidth_menu menu_id=&#8220;2&#8243; background_layout=&#8220;dark&#8220; text_orientation=&#8220;right&#8220; submenu_direction=&#8220;downwards&#8220; fullwidth_menu=&#8220;off&#8220; dropdown_menu_bg_color=&#8220;rgba(86,86,86,0)&#8220; admin_label=&#8220;Tu\u010dn\u00e9 menu&#8220; module_id=&#8220;primaryMenu&#8220;][\/et_pb_fullwidth_menu][\/et_pb_section][et_pb_section fb_built=&#8220;1&#8243; admin_label=&#8220;section&#8220; module_id=&#8220;contMain&#8220;][et_pb_row admin_label=&#8220;\u0158\u00e1dek&#8220; module_id=&#8220;innerMain&#8220;][et_pb_column type=&#8220;1_2&#8243; parallax=&#8220;off&#8220; parallax_method=&#8220;on&#8220;][et_pb_text admin_label=&#8220;Text&#8220; module_id=&#8220;textMain&#8220;]<\/p>\n<h1><strong><span style=\"font-size: 80%;\">Nechte se inspirovat<\/span><\/strong><\/h1>\n<p>Jsme volba \u010d. 1 pro lidi, kte\u0159\u00ed to<br \/>\nse sv\u00fdm domem mysl\u00ed v\u00e1\u017en\u011b.<\/p>\n<p>[\/et_pb_text][et_pb_image src=&#8220;https:\/\/demo.bmone.cz\/wp-content\/uploads\/2018\/12\/logoBMO.png&#8220; url=&#8220;https:\/\/demo.bmone.cz&#8220; disabled_on=&#8220;off|off|on&#8220; admin_label=&#8220;Obr\u00e1zek&#8220; module_id=&#8220;logoMobil&#8220;][\/et_pb_image][et_pb_text admin_label=&#8220;Text&#8220;]<\/p>\n<p>&nbsp;<\/p>\n<p>&nbsp;<\/p>\n<div class=\"btnOnas\">O N\u00c1S<\/div>\n<p>&nbsp;<\/p>\n<p>&nbsp;<\/p>\n<p>[\/et_pb_text][\/et_pb_column][et_pb_column type=&#8220;1_2&#8243; parallax=&#8220;off&#8220; parallax_method=&#8220;on&#8220;][et_pb_text admin_label=&#8220;Text&#8220; module_id=&#8220;airplane&#8220;]<\/p>\n<p><img decoding=\"async\" src=\"https:\/\/demo.bmone.cz\/wp-content\/uploads\/2018\/12\/airplane-over.png\" alt=\"airplane\" \/><\/p>\n<p>[\/et_pb_text][\/et_pb_column][\/et_pb_row][et_pb_row admin_label=&#8220;row&#8220; module_id=&#8220;aktuality&#8220; module_class=&#8220;nadpiSekce&#8220;][et_pb_column type=&#8220;4_4&#8243; parallax=&#8220;off&#8220; parallax_method=&#8220;on&#8220;][et_pb_text admin_label=&#8220;Nadpis&#8220; module_id=&#8220;aktualityText&#8220; module_class=&#8220;nadpisSekce&#8220;]<\/p>\n<p style=\"text-align: right; font-size: 220%;\"><span style=\"color: #df1256;\">V\u0161eobecn\u00e9 obchodn\u00ed podm\u00ednky<\/span><\/p>\n<p>[\/et_pb_text][\/et_pb_column][\/et_pb_row][\/et_pb_section][et_pb_section fb_built=&#8220;1&#8243; admin_label=&#8220;Sekce&#8220;][et_pb_row admin_label=&#8220;\u0158\u00e1dek&#8220;][et_pb_column type=&#8220;4_4&#8243; parallax=&#8220;off&#8220; parallax_method=&#8220;on&#8220;][et_pb_text admin_label=&#8220;Text podm\u00ednky&#8220; module_id=&#8220;podminky&#8220;]<\/p>\n<p><span style=\"font-size: 14pt; color: #000000;\"><strong>V&scaron;eobecn&eacute; obchodn&iacute; podm&iacute;nky Business Media One, s.r.o.<\/strong><\/span><\/p>\n<div class=\"page\" title=\"Page 1\">\n<div class=\"layoutArea\">\n<div class=\"column\">\n<p><span style=\"color: #000000;\"><strong>Objedn&aacute;vka inzerce<\/strong><\/span><\/p>\n<ol>\n<li><span style=\"color: #000000;\">Spole\u010dnost Business Media One, s.r.o.,<span>se s&iacute;dlem Klicperova 3208\/12, 15000 Praha 5<\/span>, I\u010c: 03589552, zapsan&aacute; v obchodn&iacute;m rejst\u0159&iacute;ku veden&eacute;m M\u011bstsk&yacute;m soudem v Praze, odd&iacute;l C, vlo\u017eka C 234179 (d&aacute;le jen &bdquo;vydavatelstv&iacute;&ldquo;) je vydavatelem \u0159ady titul\u016f periodick&eacute;ho tisku, ve kter&yacute;ch je na z&aacute;klad\u011b obchodn&iacute;ch smluv mezi vydavatelstv&iacute;m a zadavateli inzerce uve\u0159ej\u0148ov&aacute;na za &uacute;platu inzerce zadavatel\u016f.<\/span><\/li>\n<li><span style=\"color: #000000;\">Inzerc&iacute; se rozum&iacute; plo&scaron;n&aacute; inzerce, vklady a v&scaron;&iacute;v&aacute;n&iacute;, PR \u010dl&aacute;nky a dal&scaron;&iacute; form&aacute;ty (Z-Gate, p\u0159elepky atd.). Vydavatelstv&iacute; si v souladu se z&aacute;konem vyhrazuje pr&aacute;vo ozna\u010dit uve\u0159ejn\u011bn&eacute; PR \u010dl&aacute;nky jako placenou inzerci, p\u0159&iacute;padn\u011b komer\u010dn&iacute; prezentaci. Podm&iacute;nkou pro uve\u0159ejn\u011bn&iacute; t\u011bchto PR \u010dl&aacute;nk\u016f je, \u017ee nebudou m&iacute;t podobu redak\u010dn&iacute;ch stran (zejm&eacute;na zalomen&iacute;, fonty, barvy, perex apod.).<\/span><\/li>\n<li><span style=\"color: #000000;\">Objedn&aacute;vka inzerce obsahuje n&aacute;sleduj&iacute;c&iacute; n&aacute;le\u017eitosti:<\/span><\/li>\n<\/ol>\n<ul>\n<li><span style=\"color: #000000;\">n&aacute;zev zadavatele, resp. jm&eacute;no a p\u0159&iacute;jmen&iacute; a p\u0159&iacute;padn&yacute; dodatek u podnikaj&iacute;c&iacute; fyzick&eacute; osoby<\/span><\/li>\n<li><span style=\"color: #000000;\">s&iacute;dlo zadavatele, kter&eacute; je sou\u010dasn\u011b faktura\u010dn&iacute; adresou a p\u0159&iacute;padn\u011b koresponden\u010dn&iacute; adresu<\/span><\/li>\n<li><span style=\"color: #000000;\">I\u010cO \u010di DI\u010c, p\u0159&iacute;padn\u011b &uacute;daj o z&aacute;pisu v obchodn&iacute;m rejst\u0159&iacute;ku a bankovn&iacute; spojen&iacute;<\/span><\/li>\n<li><span style=\"color: #000000;\">kontaktn&iacute; osobu zadavatele v\u010detn\u011b \u010d&iacute;sla telefonu<\/span><\/li>\n<li><span style=\"color: #000000;\">n&aacute;zev titulu, do kter&eacute;ho je inzer&aacute;t objedn&aacute;n (v p\u0159&iacute;pad\u011b, \u017ee je inzer&aacute;t objedn&aacute;n do n\u011bkter&eacute; z t&eacute;matick&yacute;ch p\u0159&iacute;loh je nutn&eacute; uv&eacute;st n&aacute;zev t&eacute;to<\/span><span style=\"color: #000000;\">p\u0159&iacute;lohy)<\/span><\/li>\n<li><span style=\"color: #000000;\">datum uve\u0159ejn\u011bn&iacute; inzer&aacute;tu<\/span><\/li>\n<li><span style=\"color: #000000;\"><span style=\"color: #000000;\">rozm\u011br a cenu inzer&aacute;tu v\u010detn\u011b p\u0159&iacute;padn&eacute; n&aacute;rokovan&eacute; slevy a\/nebo agenturn&iacute; provize.\n<p> <span style=\"color: #000000;\">Origin&aacute;l objedn&aacute;vky je nutn&eacute; doru\u010dit p&iacute;semn\u011b, a to i v p\u0159&iacute;pad\u011b p\u0159edchoz&iacute;ho doru\u010den&iacute; objedn&aacute;vky faxem, emailem, skenem nebo jin&yacute;mi mechanick&yacute;mi \u010di elektronick&yacute;mi prost\u0159edky. Pokud v&scaron;ak zadavatel n&aacute;sledn\u011b nedoru\u010d&iacute; origin&aacute;l objedn&aacute;vky vydavatelstv&iacute;, nem&aacute; to vliv na uzav\u0159en&iacute; smlouvy o inzerci mezi vydavatelstv&iacute;m a zadavatelem, pokud vydavatelstv&iacute; objedn&aacute;vku potvrdilo dle n&aacute;sleduj&iacute;c&iacute;ho bodu 4.<\/span><\/span><\/span><\/li>\n<\/ul>\n<p><span style=\"color: #000000; font-size: 11pt;\">4. Vypln\u011bnou objedn&aacute;vku inzerce potvrd&iacute; vydavatelstv&iacute; p&iacute;semn\u011b. P&iacute;semn&yacute;m potvrzen&iacute;m se rozum&iacute; tak&eacute; potvrzen&iacute; faxem \u010di skenem. Pokud zadavatel inzerce neobjedn&aacute; konkr&eacute;tn&iacute; rozm\u011br, cenu, um&iacute;st\u011bn&iacute; nebo term&iacute;n inzer&aacute;tu, p\u0159en&aacute;&scaron;&iacute; tuto volbu na vydavatelstv&iacute; s t&iacute;m, \u017ee uhrad&iacute; cenu inzer&aacute;tu podle skute\u010dn\u011b realizovan&eacute;ho inzer&aacute;tu dle aktu&aacute;ln&iacute;ho cen&iacute;ku zvolen&eacute;ho m&eacute;dia.<\/span><\/p>\n<p><span style=\"color: #000000;\"><strong>Pr&aacute;vo odm&iacute;tnut&iacute; inzer&aacute;tu<\/strong><\/span><\/p>\n<ol>\n<li><span style=\"color: #000000;\">Vydavatelstv&iacute; si vyhrazuje pr&aacute;vo odm&iacute;tnout p\u0159ijet&iacute; zak&aacute;zky, jestli\u017ee grafick&aacute; nebo textov&aacute; podoba inzer&aacute;tu je v rozporu s obecn\u011b z&aacute;vazn&yacute;mi pr&aacute;vn&iacute;mi p\u0159edpisy, s dobr&yacute;mi mravy a zvyklostmi, po&scaron;kozuje nebo by mohla po&scaron;kodit dobr&eacute; jm&eacute;no nebo z&aacute;jmy vydavatelstv&iacute;.<\/span><\/li>\n<li><span style=\"color: #000000;\">Vydavatelstv&iacute; nen&iacute; povinno odm&iacute;tnut&iacute; takov&eacute;to zak&aacute;zky od\u016fvod\u0148ovat a odm&iacute;tnut&iacute; zak&aacute;zky zadavateli inzerce pouze p&iacute;semn\u011b ozn&aacute;m&iacute;. Takov&aacute; zak&aacute;zka m\u016f\u017ee b&yacute;t odm&iacute;tnuta i pozd\u011bji, pokud by d\u016fvody pro jej&iacute; nep\u0159ijet&iacute; byly zji&scaron;t\u011bny teprve dodate\u010dn\u011b.<\/span><\/li>\n<li><span style=\"color: #000000;\">Vydavatelstv&iacute; si vyhrazuje pr&aacute;vo stornovat ji\u017e p\u0159ijatou a potvrzenou objedn&aacute;vku zadavatele v p\u0159&iacute;pad\u011b, \u017ee je tento v prodlen&iacute; s &uacute;hradou sv&yacute;ch z&aacute;vazk\u016f d&eacute;le ne\u017e 30 dn&iacute; za d\u0159&iacute;ve poskytnutou inzerci ze strany vydavatelstv&iacute; Business Media One, s.r.o. v jeho titulech.<\/span><\/li>\n<li><span style=\"color: #000000;\">Vydavatelstv&iacute; neodpov&iacute;d&aacute; za p\u0159&iacute;padn&eacute; &scaron;kody v\u016f\u010di zadavateli inzerce, pokud zve\u0159ejn\u011bn&iacute; inzer&aacute;tu odm&iacute;tne z v&yacute;&scaron;e uveden&yacute;ch d\u016fvod\u016f.<\/span><\/li>\n<\/ol>\n<\/div>\n<div class=\"page\" title=\"Page 2\">\n<div class=\"layoutArea\">\n<div class=\"column\">\n<p><span style=\"color: #000000;\"><strong>Podklady pro inzerci<\/strong><\/span><\/p>\n<ol>\n<li><span style=\"color: #000000;\">Vydavatelstv&iacute; poskytuje b\u011b\u017enou kvalitu tisku inzerce obvyklou pro dan&yacute; titul, danou i kvalitou dodan&yacute;ch podklad\u016f. Zadavatel inzerce akceptuje barevnou zm\u011bnu oproti chemick&eacute;mu n&aacute;tisku, kter&aacute; odpov&iacute;d&aacute; technologii tisku dan&eacute;ho periodika. Vydavatelstv&iacute; neodpov&iacute;d&aacute; za vady zp\u016fsoben&eacute; chybn&yacute;mi podklady dodan&yacute;mi zadavatelem inzerce. V p\u0159&iacute;pad\u011b, \u017ee vydavatelstv&iacute; takto chybn&eacute; podklady odhal&iacute; a bude to \u010dasov\u011b mo\u017en&eacute;, vy\u017e&aacute;d&aacute; si od zadavatele podklady nov&eacute; bezchybn&eacute;. V opa\u010dn&eacute;m p\u0159&iacute;pad\u011b, kdy nebudou dod&aacute;ny nov&eacute; bezchybn&eacute; podklady nebo ji\u017e nebude z \u010dasov&yacute;ch d\u016fvod\u016f mo\u017en&eacute; podklady vym\u011bnit, provede vydavatelstv&iacute; inzerci na z&aacute;klad\u011b dodan&yacute;ch podklad\u016f a zadavatel inzerce nen&iacute; opr&aacute;vn\u011bn uplat\u0148ovat jak&eacute;koli n&aacute;roky na reklamaci.<\/span><\/li>\n<li><span style=\"color: #000000;\">Zadavatel inzerce ru\u010d&iacute; za v\u010dasn&eacute; dod&aacute;n&iacute; bezchybn&yacute;ch tiskov&yacute;ch podklad\u016f (tiskov&eacute; PDF) v souladu s platn&yacute;mi technick&yacute;mi specifikacemi a nese pln\u011b n&aacute;klady na jejich zhotoven&iacute;. &Uacute;pln&eacute; informace o technick&yacute;ch specifikac&iacute;ch inzer&aacute;t\u016f jsou uve\u0159ejn\u011bny na str&aacute;nk&aacute;ch www.bmone.cz.<\/span><\/li>\n<li><span style=\"color: #000000;\">Sou\u010d&aacute;st&iacute; podklad\u016f inzerce dodan&yacute;ch zadavatelem inzerce mus&iacute; b&yacute;t chemick&yacute; n&aacute;tisk. V p\u0159&iacute;pad\u011b, \u017ee zadavatel netrv&aacute; na p\u0159esn&eacute; reprodukci barev, sta\u010d&iacute; pouze digit&aacute;ln&iacute; n&aacute;tisk ve velikosti 1:1. Datum a \u010das uveden&yacute; v hlavi\u010dce souboru s dodan&yacute;mi podklady inzerce mus&iacute; souhlasit s hlavi\u010dkou uvedenou na n&aacute;tisku. Pokud &uacute;daje nesouhlas&iacute; nebo nen&iacute;-li n&aacute;tisk dod&aacute;n v\u016fbec, nen&iacute; vydavatel odpov\u011bdn&yacute; za obsah a spr&aacute;vnou kvalitu inzer&aacute;tu.<\/span><\/li>\n<li><span style=\"color: #000000;\">D&aacute;le mus&iacute; b&yacute;t sou\u010d&aacute;st&iacute; dodan&yacute;ch podklad\u016f pr\u016fvodn&iacute; list, kde je uveden konkr&eacute;tn&iacute; titul, datum expedice, n&aacute;zev zadavatele inzerce (pop\u0159. i klienta) a kontakt na grafika nebo osobu odpov\u011bdnou za spr&aacute;vnost t\u011bchto podklad\u016f.<\/span><\/li>\n<li><span style=\"color: #000000;\">Zadavatel inzerce m&aacute; v r&aacute;mci platby za zhotoven&iacute; inzer&aacute;tu (v p\u0159&iacute;pad\u011b kdy inzer&aacute;t vyr&aacute;b&iacute; vydavatelstv&iacute; z dodan&yacute;ch d&iacute;l\u010d&iacute;ch podklad\u016f), kter&aacute; \u010din&iacute; 3.000 K\u010d bez DPH, n&aacute;rok na dv\u011b bezplatn&eacute; korektury. T\u0159et&iacute; a ka\u017ed&aacute; dal&scaron;&iacute; korektura bude odb\u011brateli &uacute;\u010dtov&aacute;na. Cena za jednu &uacute;\u010dtovanou korekturu je stanovena na \u010d&aacute;stku 500 K\u010d bez DPH.<\/span><\/li>\n<li><span style=\"color: #000000;\">Vydavatelstv&iacute; nen&iacute; povinno uchov&aacute;vat ani vracet inzertn&iacute; podklady.<\/span><\/li>\n<li><span style=\"color: #000000;\">Zadavatel inzerce odpov&iacute;d&aacute; za obsah a pr&aacute;vn&iacute; p\u0159&iacute;pustnost dodan&yacute;ch textov&yacute;ch a obrazov&yacute;ch p\u0159edloh a zbavuje vydavatelstv&iacute; odpov\u011bdnosti za p\u0159&iacute;padn&eacute; n&aacute;roky u\u010din\u011bn&eacute; ze strany t\u0159et&iacute;ch osob. Vydavatelstv&iacute; v tomto sm\u011bru nen&iacute; povinno jakkoli prov\u011b\u0159ovat, zda uve\u0159ejn\u011bn&aacute; inzerce zadavatele nepo&scaron;kozuje \u010di nepo&scaron;kod&iacute; pr&aacute;va a opr&aacute;vn\u011bn&eacute; z&aacute;jmy t\u0159et&iacute;ch osob. Vydavatelstv&iacute; nenese odpov\u011bdnost za p\u0159&iacute;padn&eacute; po&scaron;kozen&iacute; opr&aacute;vn\u011bn&yacute;ch z&aacute;jm\u016f \u010di pr&aacute;v t\u0159et&iacute;ch osob v d\u016fsledku uve\u0159ejn\u011bn&iacute; zadan&eacute; inzerce.<\/span><\/li>\n<\/ol>\n<p><span style=\"color: #000000;\"><strong>Reklamace inzerce<\/strong><\/span><\/p>\n<ol>\n<li><span style=\"color: #000000;\">Zadavatel inzerce je povinen reklamovat p\u0159&iacute;padn&eacute; vady uve\u0159ejn\u011bn&eacute;ho inzer&aacute;tu v&yacute;hradn\u011b p&iacute;semn\u011b do 10 dn\u016f po expedici inzer&aacute;tu, jinak jeho pr&aacute;va zanikaj&iacute;.<\/span><\/li>\n<li><span style=\"color: #000000;\">V p\u0159&iacute;pad\u011b, \u017ee dojde z d\u016fvodu na stran\u011b vydavatelstv&iacute; k podstatn&eacute;mu sn&iacute;\u017een&iacute; informa\u010dn&iacute; hodnoty inzer&aacute;tu, nebo je prokazateln\u011b po&scaron;kozeno dobr&eacute; jm&eacute;no zadavatele inzerce\/klienta, m&aacute; tento n&aacute;rok na sn&iacute;\u017een&iacute; ceny nebo na uve\u0159ejn\u011bn&iacute; opraven&eacute;ho inzer&aacute;tu.<\/span><\/li>\n<li><span style=\"color: #000000;\">Pokud bude uve\u0159ejn\u011bn&iacute; n&aacute;hradn&iacute;ho inzer&aacute;tu ji\u017e bezp\u0159edm\u011btn&eacute;, m\u016f\u017ee zadavatel inzerce \u017e&aacute;dat sn&iacute;\u017een&iacute; ceny, a to max. do v&yacute;&scaron;e hodnoty vadn\u011b uve\u0159ejn\u011bn&eacute;ho inzer&aacute;tu. Vydavatelstv&iacute; odpov&iacute;d&aacute; pouze za prok&aacute;zan&eacute; vady uve\u0159ejn\u011bn&eacute;ho inzer&aacute;tu.<\/span><\/li>\n<li><span style=\"color: #000000;\">P\u0159i uve\u0159ej\u0148ov&aacute;n&iacute; opakovan&yacute;ch inzer&aacute;t\u016f je zadavatel inzerce povinen zkontrolovat ihned po ka\u017ed&eacute;m uve\u0159ejn\u011bn&iacute; jejich spr&aacute;vnost a &uacute;plnost. Vydavatelstv&iacute; neuzn&aacute; n&aacute;rok na bezplatn&eacute; uve\u0159ejn\u011bn&iacute; n&aacute;hradn&iacute;ho inzer&aacute;tu v tom p\u0159&iacute;pad\u011b, jestli\u017ee se p\u0159i opakov&aacute;n&iacute; objevila tat&aacute;\u017e chyba, ani\u017e by byla tato chyba bezprost\u0159edn\u011b po p\u0159edchoz&iacute;m uve\u0159ejn\u011bn&iacute; ozn&aacute;mena vydavatelstv&iacute;.<\/span><\/li>\n<\/ol>\n<div class=\"page\" title=\"Page 3\">\n<div class=\"layoutArea\">\n<div class=\"column\">\n<p><strong><span style=\"color: #000000;\">Platebn&iacute; podm&iacute;nky<\/span><\/strong><\/p>\n<ol>\n<li><span style=\"color: #000000;\">Ceny inzerce jsou stanoveny v souladu s platn&yacute;mi cen&iacute;ky tiskov&yacute;ch m&eacute;di&iacute; ve kter&yacute;ch je inzerce uve\u0159ejn\u011bna.<\/span><\/li>\n<li><span style=\"color: #000000;\">Zadavatel inzerce uhrad&iacute; cenu inzer&aacute;tu na z&aacute;klad\u011b faktury vystaven&eacute; vydavatelstv&iacute;m p\u0159eveden&iacute;m p\u0159&iacute;slu&scaron;n&eacute; \u010d&aacute;stky na &uacute;\u010det uveden&yacute; na faktu\u0159e. Tuto fakturu vydavatelstv&iacute; vystav&iacute; do 14ti dn\u016f od expedice titulu, v kter&eacute;m je uve\u0159ejn\u011bna dot\u010den&aacute; inzerce.<\/span><\/li>\n<li><span style=\"color: #000000;\">Faktura vydavatelstv&iacute; je splatn&aacute; do 14ti dn\u016f ode dne jej&iacute;ho vystaven&iacute;. Spolu s fakturou zas&iacute;l&aacute; vydavatelstv&iacute; ka\u017ed&eacute;mu zadavateli inzerce dokladov&yacute; v&yacute;tisk titulu, ve kter&eacute;m vy&scaron;el jeho inzer&aacute;t. Zadavatel\u016fm inzerce agentur&aacute;m zas&iacute;l&aacute; vydavatelstv&iacute; dva dokladov&eacute; v&yacute;tisky.<\/span><\/li>\n<li><span style=\"color: #000000;\">P\u0159i prodlen&iacute; zadavatele se zaplacen&iacute;m ceny za inzerci jsou vydavatelstv&iacute;m &uacute;\u010dtov&aacute;ny &uacute;roky z prodlen&iacute; ve v&yacute;&scaron;i 0,1 % z ceny inzerce za ka\u017ed&yacute; den prodlen&iacute;.<\/span><\/li>\n<li><span style=\"color: #000000;\">P\u0159i nedodr\u017een&iacute; splatnosti faktury m&aacute; vydavatelstv&iacute; pr&aacute;vo neuve\u0159ejnit dal&scaron;&iacute; i ji\u017e objednanou a potvrzenou inzerci a\u017e do doby zaplacen&iacute; dlu\u017en&eacute; \u010d&aacute;stky.<\/span><\/li>\n<li><span style=\"color: #000000;\">Vydavatelstv&iacute; si vyhrazuje pr&aacute;vo na zaplacen&iacute; z&aacute;lohy na cenu inzerce p\u0159ed jej&iacute;m uve\u0159ejn\u011bn&iacute;m, a to a\u017e do v&yacute;&scaron;e 100 % ceny inzerce.<\/span>\n<p> <span style=\"color: #000000;\">U zadavatele inzerce, kter&yacute; vstupuje do obchodn&iacute;ho vztahu s vydavatelstv&iacute;m poprv&eacute;, m\u016f\u017ee b&yacute;t po\u017eadov&aacute;na z&aacute;loha p\u0159edem ve v&yacute;&scaron;i 100 % na prvn&iacute; dva objednan&eacute; inzer&aacute;ty. Na tyto inzer&aacute;ty bude vystavena faktura se splatnost&iacute; 14 dn&iacute; p\u0159ed term&iacute;nem uve\u0159ejn\u011bn&iacute; inzerce.<\/span><\/p>\n<p> <span style=\"color: #000000;\">V p\u0159&iacute;pad\u011b, \u017ee nedojde k &uacute;hrad\u011b, vyhrazuje si vydavatelstv&iacute; pr&aacute;vo inzerci neuve\u0159ejnit.<\/span><\/li>\n<\/ol>\n<p><strong><span style=\"color: #000000;\">Storno inzerce<\/span><\/strong><\/p>\n<ol>\n<li><span style=\"color: #000000;\">Storno inzerce podl&eacute;h&aacute; n&aacute;sleduj&iacute;c&iacute;m poplatk\u016fm. Pokud zadavatel inzerce stornuje inzerci do data uz&aacute;v\u011brky inzerce (zve\u0159ejn\u011bno<\/span>\n<p> <span style=\"color: #000000;\">v Mediadatech jednotliv&yacute;ch \u010dasopis\u016f), neplat&iacute; \u017e&aacute;dn&yacute; storno poplatek, po uveden&eacute;m term&iacute;nu uhrad&iacute; 100 % ceny inzer&aacute;tu. Stornov&aacute;n&iacute; je nutn&eacute; u\u010dinit v&yacute;lu\u010dn\u011b p&iacute;semnou formou.<\/span><\/li>\n<li><span style=\"color: #000000;\">Z nal&eacute;hav&yacute;ch d\u016fvod\u016f lze prov&eacute;st storno i telefonicky. V tomto p\u0159&iacute;pad\u011b v&scaron;ak mus&iacute; b&yacute;t do 24 hodin potvrzeno p&iacute;semn\u011b.<\/span><\/li>\n<li><span style=\"color: #000000;\">V p\u0159&iacute;pad\u011b storna m&aacute; vydavatelstv&iacute; pr&aacute;vo po\u017eadovat vr&aacute;cen&iacute; slev za opakov&aacute;n&iacute; nebo za finan\u010dn&iacute; objem, na kter&eacute; pozbyl zadavatel inzerce t&iacute;mto stornem pr&aacute;vo, a zadavatel inzerce je povinen poskytnutou slevu vydavatelstv&iacute; uhradit.<\/span><\/li>\n<\/ol>\n<p><strong><span style=\"color: #000000;\">Obchodn&iacute; sd\u011blen&iacute;<\/span><\/strong><\/p>\n<p><span style=\"font-size: 11pt; color: #000000;\">1. Zadavatel p\u0159ijet&iacute;m t\u011bchto v&scaron;eobecn&yacute;ch obchodn&iacute;ch podm&iacute;nek souhlas&iacute; ve smyslu z&aacute;kona \u010d. 480\/2004 Sb. o n\u011bkter&yacute;ch slu\u017eb&aacute;ch informa\u010dn&iacute;ch spole\u010dnost&iacute; s vyu\u017eit&iacute;m sv&eacute;ho elektronick&eacute;ho kontaktu pro pot\u0159eby &scaron;&iacute;\u0159en&iacute; obchodn&iacute;ch sd\u011blen&iacute; vydavatelstv&iacute;. Tento souhlas m\u016f\u017ee zadavatel odm&iacute;tnout ozn&aacute;men&iacute;m o odm&iacute;tnut&iacute; souhlasu adresovan&yacute;m vydavatelstv&iacute; na jeho elektronickou adresu.<\/span><\/p>\n<p><strong><span style=\"color: #000000;\">Z&aacute;v\u011bre\u010dn&aacute; ustanoven&iacute;<\/span><\/strong><\/p>\n<p><span style=\"font-size: 11pt; color: #000000;\">Ujedn&aacute;n&iacute; zadavatele a vydavatelstv&iacute; v potvrzen&eacute; objedn&aacute;vce m&aacute; p\u0159ednost p\u0159ed &uacute;pravou uvedenou v t\u011bchto V&scaron;eobecn&yacute;ch obchodn&iacute;ch podm&iacute;nk&aacute;ch Business Media One, s.r.o.<\/span><\/p>\n<p><span style=\"font-size: 11pt; color: #000000;\">Zadavatel inzerce byl s t\u011bmito V&scaron;eobecn&yacute;mi obchodn&iacute;mi podm&iacute;nkami Business Media One, s.r.o. \u0159&aacute;dn\u011b sezn&aacute;men, souhlas&iacute; s nimi bezv&yacute;hradn\u011b a tento souhlas podpisem objedn&aacute;vky stvrzuje.<\/span><\/p>\n<\/div>\n<\/div>\n<\/div>\n<\/div>\n<\/div>\n<\/div>\n<\/div>\n<\/div>\n<p>[\/et_pb_text][\/et_pb_column][\/et_pb_row][\/et_pb_section][et_pb_section fb_built=&#8220;1&#8243; admin_label=&#8220;Sekce&#8220; module_id=&#8220;patickaVOPCont&#8220;][et_pb_row parallax_method_1=&#8220;off&#8220; admin_label=&#8220;\u0158\u00e1dek&#8220; module_id=&#8220;patickaVOPInner&#8220;][et_pb_column type=&#8220;4_4&#8243; parallax=&#8220;off&#8220; parallax_method=&#8220;off&#8220;][et_pb_text admin_label=&#8220;Pati\u010dka + GDPR&#8220; module_id=&#8220;patickaVOP&#8220;]<\/p>\n<p style=\"text-align: center;\"><span style=\"color: #f2f2f2; font-size: 8pt;\">&copy; 2021 www.bmone.cz | Internetov&aacute; str&aacute;nka www.bmone.cz je v&yacute;hradn&iacute;m projektem spole\u010dnosti Business Media One, s.r.o.,<span>se s&iacute;dlem Klicperova 3208\/12, 15000 Praha 5<\/span>, I\u010c 03589552.<\/span><\/p>\n<p> <span style=\"color: #ffffff; font-size: 8pt;\"><a style=\"color: #f2f2f2;\" href=\"https:\/\/demo.bmone.cz\/index.php\/osobni-udaje\/\">Ochrana soukrom&iacute;<\/a>&nbsp;|&nbsp;<a style=\"color: #ffffff;\" href=\"https:\/\/demo.bmone.cz\/index.php\/vop\/\">V&scaron;eobecn&eacute; obchodn&iacute; podm&iacute;nky<\/a>&nbsp;|&nbsp;<a style=\"color: #ffffff;\" href=\"https:\/\/demo.bmone.cz\/index.php\/placeny-obsah-mdkk\/\">Placen&yacute; obsah MDKK<\/a>&nbsp;|&nbsp;<a style=\"color: #ffffff;\" href=\"https:\/\/demo.bmone.cz\/index.php\/placeny-obsah\/\">Poskytov&aacute;n&iacute; placen&eacute;ho obsahu<\/a>&nbsp;|&nbsp;<a style=\"color: #ffffff;\" href=\"https:\/\/demo.bmone.cz\/index.php\/sluzby-spolecnosti\/\">Pou\u017e&iacute;v&aacute;n&iacute; slu\u017eeb spole\u010dnosti<\/a><\/span><\/p>\n<p>[\/et_pb_text][\/et_pb_column][\/et_pb_row][\/et_pb_section]<\/p>\n","protected":false},"excerpt":{"rendered":"<p>[et_pb_section fb_built=&#8220;1&#8243; fullwidth=&#8220;on&#8220; admin_label=&#8220;Sekce&#8220;][et_pb_fullwidth_menu menu_id=&#8220;2&#8243; background_layout=&#8220;dark&#8220; text_orientation=&#8220;right&#8220; submenu_direction=&#8220;downwards&#8220; fullwidth_menu=&#8220;off&#8220; dropdown_menu_bg_color=&#8220;rgba(86,86,86,0)&#8220; admin_label=&#8220;Tu\u010dn\u00e9 menu&#8220; module_id=&#8220;primaryMenu&#8220;][\/et_pb_fullwidth_menu][\/et_pb_section][et_pb_section fb_built=&#8220;1&#8243; admin_label=&#8220;section&#8220; module_id=&#8220;contMain&#8220;][et_pb_row admin_label=&#8220;\u0158\u00e1dek&#8220; module_id=&#8220;innerMain&#8220;][et_pb_column type=&#8220;1_2&#8243; parallax=&#8220;off&#8220; parallax_method=&#8220;on&#8220;][et_pb_text admin_label=&#8220;Text&#8220; module_id=&#8220;textMain&#8220;] Nechte se inspirovat Jsme volba \u010d. 1 pro lidi, kte\u0159\u00ed to se sv\u00fdm domem mysl\u00ed v\u00e1\u017en\u011b. [\/et_pb_text][et_pb_image src=&#8220;https:\/\/demo.bmone.cz\/wp-content\/uploads\/2018\/12\/logoBMO.png&#8220; url=&#8220;https:\/\/demo.bmone.cz&#8220; disabled_on=&#8220;off|off|on&#8220; admin_label=&#8220;Obr\u00e1zek&#8220; module_id=&#8220;logoMobil&#8220;][\/et_pb_image][et_pb_text admin_label=&#8220;Text&#8220;] &nbsp; &nbsp; O N\u00c1S &nbsp; &nbsp; [\/et_pb_text][\/et_pb_column][et_pb_column type=&#8220;1_2&#8243; parallax=&#8220;off&#8220; [&hellip;]<\/p>\n","protected":false},"author":1,"featured_media":0,"parent":0,"menu_order":0,"comment_status":"closed","ping_status":"closed","template":"","meta":{"footnotes":""},"class_list":["post-963","page","type-page","status-publish","hentry"],"_links":{"self":[{"href":"https:\/\/demo.bmone.cz\/index.php\/wp-json\/wp\/v2\/pages\/963","targetHints":{"allow":["GET"]}}],"collection":[{"href":"https:\/\/demo.bmone.cz\/index.php\/wp-json\/wp\/v2\/pages"}],"about":[{"href":"https:\/\/demo.bmone.cz\/index.php\/wp-json\/wp\/v2\/types\/page"}],"author":[{"embeddable":true,"href":"https:\/\/demo.bmone.cz\/index.php\/wp-json\/wp\/v2\/users\/1"}],"replies":[{"embeddable":true,"href":"https:\/\/demo.bmone.cz\/index.php\/wp-json\/wp\/v2\/comments?post=963"}],"version-history":[{"count":28,"href":"https:\/\/demo.bmone.cz\/index.php\/wp-json\/wp\/v2\/pages\/963\/revisions"}],"predecessor-version":[{"id":2250,"href":"https:\/\/demo.bmone.cz\/index.php\/wp-json\/wp\/v2\/pages\/963\/revisions\/2250"}],"wp:attachment":[{"href":"https:\/\/demo.bmone.cz\/index.php\/wp-json\/wp\/v2\/media?parent=963"}],"curies":[{"name":"wp","href":"https:\/\/api.w.org\/{rel}","templated":true}]}}